) = -o**3 + 6*o**2 - 4*o. Let r be g(4). What are the prime factors of ((-8)/r)/((-2)/24)?
2, 3
List the prime factors of 10/45 - (-1742)/18.
97
What are the prime factors of 0 - ((-4 - -1) + -109)?
2, 7
Suppose 0 = 4*t + 4*h - 356, t + h - 65 = 6*h. List the prime factors of t.
5, 17
Let c = 11 + -8. Suppose 0 = -k + c - 1. List the prime factors of k.
2
Let y = 86 + -82. What are the prime factors of y?
2
Let d(h) = -h**3 + 12*h**2 + 18*h - 15. Let y = -11 - -24. List the prime factors of d(y).
2, 5
Suppose 61 + 2 = -3*b. Let h be (-2*1)/2*b. Suppose 0*n - h = -3*l + 5*n, 0 = 2*n + 6. List the prime factors of l.
2
Let f be (-7)/2*(1 + -3). Let z(w) = 4*w**2 + w + 1. Let i be z(-1). Suppose -2*q = -3*c - 23, -2*c - f = -i*q + 27. List the prime factors of q.
7
Suppose 2*r = -3*u + u + 18, 2*r - 6 = 2*u. List the prime factors of 8 + 1/2*r.
11
What are the prime factors of (0 + -77)*18/(-18)?
7, 11
Let t(u) = -16*u. Let r be t(1). Suppose 5*q - 50 + 9 = -2*x, 5*x = -2*q + 134. Let b = r + x. List the prime factors of b.
2, 3
Let d(b) = 2*b + 8. Let k be d(-7). Let j = -6 - k. Let z = 3 - j. List the prime factors of z.
3
Let n(i) = 2*i**2 + 7*i + 7. Let d be n(-5). Suppose -4*g + d = m - 14, -4*g = 3*m - 92. What are the prime factors of m?
2, 7
Let u(k) = -k**3 + 4*k**2 + 2*k - 6. Let v be u(4). Let g(b) = 3*b - 4. List the prime factors of g(v).
2
Suppose 2 + 1 = h. Suppose 17*u + 135 = 8*u. Let i = h - u. What are the prime factors of i?
2, 3
Let k(b) be the first derivative of -b**5/24 + b**4/12 + b**3/3 - 1. Let s(h) be the third derivative of k(h). List the prime factors of s(-2).
2, 3
Let w(a) = a - 7. Let z be w(3). Let t(o) = 0 - 2 + 1 - o. List the prime factors of t(z).
3
Let t = 78 - 22. List the prime factors of t.
2, 7
Let a(y) = 2*y**2 + 5*y - 5. Let d be a(-5). List the prime factors of ((-10)/d)/(1/(-34)).
17
Let h be (-1)/2 + (-6)/(-12). Suppose h = -3*o + 1 + 11. What are the prime factors of o?
2
Let i be (2 + -2)*(-2)/(-4). Suppose -5*o - 52 + 6 = -t, -2*t - 4*o + 36 = i. Suppose 4*m = t + 38. List the prime factors of m.
2
Suppose 57 + 21 = -3*g. Let f = g + 86. Suppose -2*t - 2*t = -f. List the prime factors of t.
3, 5
Suppose 0 = -t + 5*t. Let l(z) = z**3 - z + 3. What are the prime factors of l(t)?
3
Suppose 3*r = 6*r - 60. Let d = 17 - 12. Suppose -d*f + 3*k - k = -43, -5*k - r = 0. What are the prime factors of f?
7
Let o(z) = -z + 12. Let m be o(7). Let r(x) = x. Let w be r(m). List the prime factors of ((-1)/(-1) - w)/(-2).
2
Let c(z) = z**2 + 1. Let d be 4/(-3 - -2 - 1). List the prime factors of c(d).
5
Let u be 49/(-3) - 10/(-30). Suppose h - 2 = 29. Let j = u + h. List the prime factors of j.
3, 5
Suppose -5*i + 22 + 152 = -3*u, 3*i - 116 = -4*u. List the prime factors of i.
2, 3
Suppose -b - 94 = -2*h, 4*h + b = 4*b + 186. What are the prime factors of h?
2, 3
Let a = -1 + 4. Suppose -a*w + 2*x = -31, -7 - 5 = -3*x. What are the prime factors of w?
13
Suppose 0*g - 870 = -5*g. What are the prime factors of (6/(-18))/((-2)/g)?
29
Let j(a) = a**2 + 5*a - 5. Let z(s) = -s**2 + 7*s + 1. Let i be 172/22 - 2/(-11). Let u be z(i). List the prime factors of j(u).
3
Let r = 0 + 5. List the prime factors of (-1)/(2 + r/(-2)).
2
Let c be (1 - 0)*-23 - 1. Let l = c - -34. List the prime factors of l.
2, 5
Suppose k - 11 = b, 5*k = b - 6*b - 45. Let t = -18 - b. Let n = t - -11. What are the prime factors of n?
3
Let o be 5/((-1)/(-1) + -2). Let i be ((-2)/(-6))/(2/48). Let t = i + o. List the prime factors of t.
3
Let c(k) be the first derivative of 4*k**3/3 + k**2 + k - 2. Let t be c(2). Suppose 5*u = 3*g - 33, -t = -2*g + 2*u + 5. List the prime factors of g.
2
Let n = 19 + -9. Let g = n + 9. List the prime factors of g.
19
Suppose 140 = 4*b - 3*n, 160 = 4*b - 2*n + 4*n. What are the prime factors of b?
2, 19
List the prime factors of (-3 - -4 - 1*-27)*4.
2, 7
Suppose -a + 1 = 2*b, 2*b - 2 = -2*a - 4. List the prime factors of b.
2
Let g = 16 - -7. List the prime factors of g.
23
Suppose 0 = 2*m - 2, -3*h - 265 = -4*h - 5*m. List the prime factors of h.
2, 5, 13
Suppose 4*x - 4*c = -0*c - 16, 4*x + 16 = 3*c. Let v = x + 56. What are the prime factors of v?
2, 13
Let f = 248 - 28. List the prime factors of f.
2, 5, 11
Let f = 26 - 14. List the prime factors of (-80)/f*(-6)/4.
2, 5
Let y(j) = j**3 - 12*j**2 + 14*j + 13. What are the prime factors of y(11)?
2, 23
Suppose t = -4*t - 20. What are the prime factors of (-21)/t - (-2)/(-8)?
5
Let x be 39/4 - 5/(-20). Suppose -r = -5*g + 9 + 11, 0 = -2*r - x. What are the prime factors of g?
3
Suppose -17 = 5*a + 4*v + 25, -3*a = -3*v + 9. Let w = 15 - a. List the prime factors of w.
3, 7
Suppose -4*o + 2*i = -34, 0 = -2*o - 2*i + 16 - 2. Suppose 5*p - p - o = 0. List the prime factors of p.
2
Let y = 128 + -79. What are the prime factors of y?
7
Suppose 2*x - 56 = -2*s, x - 106 = 4*s - 8*s. List the prime factors of s.
2, 13
Suppose 0 = n - 0 - 2. Suppose -3*u = -5*y + 16, u + n*u + 4*y = 29. What are the prime factors of u?
3
Let g(w) = w**3 - 4*w**2 - w - 4. Suppose f + 15 = 2*d, -f + 3*f = -2*d. List the prime factors of g(d).
2
Let t(s) = 0*s**2 - 17 - s**2 + 8*s + 12. List the prime factors of t(6).
7
Let v(s) = -s - 1. Let x be v(2). What are the prime factors of 3*(2/x + 2)?
2
Let i = 70 + 38. What are the prime factors of i?
2, 3
Let t(k) = 4*k**2 - k - 2. Let q be 76/18 - (-2)/(-9). Suppose 6 = q*y + i + 3, -18 = -4*y + 2*i. List the prime factors of t(y).
2, 3
What are the prime factors of (-12)/8*524/(-24)*4?
131
Suppose 4*o - 75 = -3*m + 4*m, -5*o + 5*m = -90. What are the prime factors of o?
19
Let m(w) = w**3 - 2*w**2 - 8*w + 6. Let b be m(5). Let i = 70 - b. List the prime factors of i.
29
Let f(g) = -g**3 - 2*g**2 - g. Let b be f(-2). Suppose -q = b*q - 15. What are the prime factors of q?
5
Let u(g) = 5*g**2 - 2. What are the prime factors of u(2)?
2, 3
Let w be (-2 - 16)/((-1)/1). Suppose -w = -5*c + 7. Let i = c - -1. What are the prime factors of i?
2, 3
Let y = -4 - -7. Suppose -3*w - y*h + 4*h + 75 = 0, -100 = -4*w + 2*h. Suppose -4*q + 5*f + w = 0, 3*f - 60 + 21 = -3*q. What are the prime factors of q?
2, 5
Let u = -41 + 85. Suppose 8*o - u = 4*o. What are the prime factors of o?
11
Suppose 3*w - 506 + 92 = 0. List the prime factors of w.
2, 3, 23
Let l(g) = g**2 + 3*g - 21. List the prime factors of l(-9).
3, 11
Let c = 362 - 208. What are the prime factors of c?
2, 7, 11
What are the prime factors of (1 - -4) + (-28)/14?
3
Suppose 11*j - 6*j - 2*p = 340, 0 = -5*j - 3*p + 315. What are the prime factors of j?
2, 3, 11
Suppose -g + 1 = -4, g - 18 = -y. Suppose 5*o + 10 = 0, -4*o + y = 2*i - 21. Let m = -13 + i. What are the prime factors of m?
2
Let j be (-5)/(1/(-2 - 1)). Suppose -4*q = -10*t + 5*t + 42, 0 = -5*t - 5*q + j. What are the prime factors of t?
2, 3
List the prime factors of (-147)/(-3) + -3 - -3.
7
Let w(z) = 13*z**2 + 13*z + 24. List the prime factors of w(-5).
2, 71
Let g be 156/21 - (-6)/(-14). Suppose -10 = 2*i - g*i. Suppose 5*r + i*v - 5*v - 34 = 0, -5*r = -5*v - 40. What are the prime factors of r?
5
Suppose -5*i - b = -3*b + 29, 0 = i + 4*b - 3. Let s be 1/i - 171/(-5). Suppose 5*p - 41 = s. List the prime factors of p.
3, 5
List the prime factors of ((-102)/(-8))/((-2)/(-16)*3).
2, 17
Suppose 55*d - 240 = 51*d. List the prime factors of d.
2, 3, 5
Let n = 80 - 15. What are the prime factors of n?
5, 13
Suppose 11*m - 3*m - 2696 = 0. List the prime factors of m.
337
Suppose -z + 4*z = 0. Suppose 3*n = 4*h + 6, 2*n - 4 = h - z*h. Let a = n + 2. What are the prime factors of a?
2
Let p = 16 + -13. Suppose 26 + 10 = p*k. List the prime factors of k.
2, 3
Let y(b) = b**2 - 6*b - 12. Let j be (3 - 1) + 12*4. Suppose -a = 5*n - j, -3*n - 3*a + 52 = 2*a. What are the prime factors of y(n)?
3, 5
Let k(x) = -30*x - 2. List the prime factors of k(-3).
2, 11
Let x(s) = -s**3 - 6*s**2 - 7*s + 1. Suppose -2*m = -4*b - 3*m + 16, -2*m = 8. Let z be (b/(-2))/(1/2). What are the prime factors of x(z)?
11
Let l(v) = v + 2. Let g be l(-2). Let s be (-6)/3 + g + 2. Let i(b) = -b**2 + b + 2. What are the prime factors of i(s)?
2
Let x(t) be the second derivative of -1/3*t**3 + 0 + 1/2*t**2 - 2*t + 0*t**4 + 1/2*t**5. What are the prime factors of x(